 2962 = n - 831. What is the tens digit of n?
9
Let s(t) = -2*t**2 - 11*t + 8. Let q(z) = z**2 + 6*z - 4. Let v(c) = -5*q(c) - 3*s(c). Let a(i) = 13*i + 46. Let l be a(-4). What is the tens digit of v(l)?
1
Let k be (4/(-7))/(2/(-7)). Suppose 0 = n + 3*n - k*w - 234, 5*n + 4*w - 299 = 0. What is the tens digit of n?
5
Let a(u) = u - 5. Let d be a(11). Suppose 4*i = d*i + 2. What is the tens digit of -4 - ((i - 22) + -3)?
2
Suppose 142 = 2*o + 4*k, 4*o - 7*k = -2*k + 245. Suppose -4*w - 9 + o = 0. Let q = w + -12. What is the units digit of q?
2
Suppose 5*x - f = -11, -f - 2*f = 12. Let r be -2 + x + 6 - -2. Suppose -o = -h - 48, 0 = r*h + 9 + 3. What is the units digit of o?
4
Suppose 110 + 376 = 3*t. Suppose -8*v = -922 + t. What is the tens digit of v?
9
Let m = 22 + -34. Let n = 175 + -23. What is the tens digit of n/6 + m/(-18)?
2
Suppose 29*w - 10*w = 0. Let h = w - -216. What is the units digit of h?
6
Let r be (15/9)/(((-7)/(-3))/(-7)). Let n(w) = 2*w**2 - 5*w - 10. What is the tens digit of n(r)?
6
Let v(h) = -h**3 - 7*h**2 + 8*h - 4. Let j be v(-8). Let w be ((-8)/(-2))/j - -3. Suppose 31 = 5*k + d, -2*k = w*d - 7 + 1. What is the units digit of k?
7
Let q = -33 - -102. Let k = 91 - q. What is the tens digit of k?
2
Let u(w) = -w**3 + 5*w**2 + 6*w. Let z be u(5). Suppose -6*m = -m - z. What is the tens digit of (62/(-4))/(m/(-12))?
3
Let v(k) = 16*k + 190. What is the units digit of v(-3)?
2
Suppose 8*b - 4*k = 10*b - 48, -3*b - 3*k + 66 = 0. Suppose -5*r + 3*m - 5*m - 85 = 0, r + m + 17 = 0. Let d = b + r. What is the units digit of d?
3
Let h(n) = n**3 - 6*n**2 - 6*n - 3. Let k be h(7). Let z = 8 - k. What is the units digit of (-6 - -4)/(z/(-10))?
5
Suppose 1476*j - 1483*j = -12859. What is the tens digit of j?
3
Suppose -2*g - 6 = -h - 16, -3*g = -4*h - 65. What is the tens digit of 24/h*(-510)/9?
6
Suppose 5*z - 305 = -4*l + 237, 2*z - 410 = -3*l. What is the hundreds digit of l?
1
Suppose -14 = -2*h - 2*i + 10, -2*i - 66 = -4*h. Let o(a) = a**3 - 15*a**2 - a + 19. What is the units digit of o(h)?
4
Suppose -4*b - 3*b + 14 = 0. Suppose -3*l - b*l = -430. What is the units digit of l?
6
Let w = 161 - 114. Let p = -4 + 3. What is the units digit of p/(-6) + w/6?
8
Let q(s) = s**2 - 8*s + 16. Let t be q(5). What is the tens digit of (-4 - (0 - t)) + 31?
2
Suppose 5*h - 4*h = 8. Let s = 5 - h. What is the units digit of s/(-4)*(-4 - -16)?
9
Let y(m) = -m**3 - 4*m**2 - 2*m - 6. Let h be y(-4). Let w(b) be the third derivative of b**4/6 - 2*b**3/3 - 11*b**2. What is the units digit of w(h)?
4
Suppose 2*w + 96 = 6*w. Let c = -94 - -96. Suppose c*m - w = 4. What is the units digit of m?
4
Suppose 5*j - 3*j - p - 1510 = 0, 2*j - 1510 = 3*p. What is the tens digit of j?
5
Let l be (1 - -1)/(14/721). Suppose -25 = -b + 5*z, 5*b - l = -4*z - 36. What is the tens digit of b?
1
Let u(d) = 22*d**2 + 2*d + 1. Let s be u(-1). Let x(t) = -14*t - 1. Let w be x(-1). Let o = s - w. What is the units digit of o?
8
Let y(l) = 2*l**2 + 4*l - l - 10*l**2 + 2 + 80*l**2. What is the units digit of y(-1)?
1
Let x be (0 + -14)*(-168)/49. Suppose -5*b + x = -97. What is the tens digit of (b/(-4))/((-18)/72)?
2
Let z be 2/7 - 72336/(-56). What is the tens digit of 2/(-14) + z/28?
4
Let r(v) = -191*v**2 + 3*v - 2. Let c(n) = 191*n**2 - 3*n + 3. Let o(g) = -6*c(g) - 7*r(g). What is the tens digit of o(-1)?
9
Let l = -21 + 27. Let j be 93/(5/(20/l)). Suppose -4*c - 2*w = c - j, 2*w = 3*c - 34. What is the tens digit of c?
1
Let d = 757 - 515. What is the hundreds digit of d?
2
Suppose s + 1175 = 3*x, 6*x - 5*s - 1975 = x. What is the units digit of x?
0
Let n = 151 - 119. Let r be -24*((-12)/9 - -2). Let f = r + n. What is the tens digit of f?
1
Let w = -101 - -107. What is the units digit of (-4)/(-12) + 1216/w + -3?
0
Let f(u) = 428*u**2 + 2*u - 1. Let v be f(1). Let j = -256 + v. What is the units digit of j?
3
Suppose f + 155 = 4*i, i - 2*i + 3 = 0. Let l = 233 + f. What is the tens digit of l?
9
Suppose 0 = 2*y - 5*y. Let x be 1/(-2)*y/(-16). Suppose x = 4*o - o - 45. What is the units digit of o?
5
Suppose 0 = 4*b - 25 + 1. Let c(n) = 11*n + 20. What is the tens digit of c(b)?
8
Let w = 707 + -358. What is the units digit of w?
9
Let t be (-2)/(-6)*(-9639)/63. Let x = -20 - -62. What is the units digit of (t/4)/(x/(-56))?
7
Let q(x) be the first derivative of x**5/60 - x**4/24 - x**3/6 + 9*x**2/2 - 4. Let g(a) be the second derivative of q(a). What is the tens digit of g(-6)?
4
Let w be (-1 - -2)*(4 + -5). What is the tens digit of 4 - (-166 + -10)*w/(-2)?
9
Let g(h) = 2*h**2 + h - 3. Let j(m) = -m**2 + 1. Let y(n) = g(n) + j(n). Let i be y(-3). Suppose 0 = -3*w + i + 77. What is the units digit of w?
7
Let y = 29 - 14. Suppose y*k - 156 = 12*k. What is the units digit of k?
2
Let m = 13 - 4. Let r = 69 + -33. Suppose -r = -3*n - m. What is the units digit of n?
9
Let h(u) = u**3 + 9*u**2 - 3*u + 14. Let j be h(-9). Let r = 7 + j. What is the tens digit of r?
4
Suppose 0 = 4*v + 7*v - 44. What is the units digit of 58 + (-24)/v*(-2)/(-6)?
6
Let r = 58 + -55. Suppose 5*b = r*l + 419, 5*l + 125 = 3*b - 136. What is the units digit of b?
2
Let c(y) = -25*y + 10. Let h(r) = 8*r - 3. Suppose -4*q - 46 + 6 = 0. Let g(v) = q*h(v) - 3*c(v). What is the units digit of g(-2)?
0
Let n be -2 + (-4 - (1 - 8)). Suppose d - 6 = 2*w, -3*w - n = 2. Suppose d = -3*c + 5*v - 6, 4*c - 40 = -4*v. What is the units digit of c?
5
Suppose 3*u - 279 + 65 = -2*c, -3*u = -c - 226. Let i = u + 14. What is the units digit of i?
8
Suppose 0*u = -5*v - 2*u - 404, -5*v = 4*u + 408. What is the tens digit of v*(3 + (-85)/25)?
3
Suppose -5*z - u = -z - 3828, 5*z - u = 4785. What is the tens digit of z?
5
Let u(w) = w**3 + 39*w**2 - 85*w - 61. What is the tens digit of u(-41)?
6
Let c be (-10)/5*(-9)/6 + -11. Let n = 15 + c. What is the units digit of n?
7
Let l(u) = u**2 - 1. Let s be ((-3)/6*4)/1. Let d be l(s). Suppose 4*y = d*p + 3*y - 84, 0 = 5*y. What is the units digit of p?
8
Suppose -b - 3*r + 631 = 0, -72 = 3*b - r - 2005. What is the tens digit of b?
4
Suppose 10*b - 20 = 6*b. Suppose 60 = -b*r + 6*r. What is the units digit of r?
0
Let n(o) be the third derivative of o**5/20 - o**4/24 - 2*o**2. Let l be n(-1). Suppose 0 = s + l*d + 5, -5*s + 3*d + 71 = -d. What is the units digit of s?
1
Let f = 3 - 6. Let l = -3 - f. Suppose v - 30 = -l*p - 2*p, -5*p = 2*v - 64. What is the tens digit of v?
2
Let h(j) = -146*j**3 - j - 2. What is the tens digit of h(-1)?
4
Let w = -3043 + 5284. What is the hundreds digit of w?
2
Let k be (-14)/(-8) + 5 + 76/(-16). Suppose y = -y - k*g + 100, -5*y + 220 = -5*g. What is the tens digit of y?
4
Let x(s) be the second derivative of s**4/12 - s**3/2 + 5*s**2/2 + 6*s. What is the units digit of x(5)?
5
Let o(w) = 96*w - 8. Let d(m) = -96*m + 9. Let q(u) = 5*d(u) + 4*o(u). What is the tens digit of q(-2)?
0
Let z be 10/75 - 122/15. Let s(f) = f**2 - 8*f + 4. Let o be s(z). Suppose 2*y - o = -2*y. What is the units digit of y?
3
Let y be (-3 - 15/(-9))*6. Let m = y - -65. What is the units digit of m?
7
Let l = 93 - 96. What is the units digit of 1*(163 - -1) - l?
7
Let r(b) = 16*b. Let c be r(6). Suppose -c = -5*m + 14. Suppose m = 2*p - 40. What is the tens digit of p?
3
Suppose 14*u = 40*u - 37128. What is the tens digit of u?
2
Let d = 9 - 5. Let w be 2/(-8) - (-1)/d. Suppose w = 4*o - o - 2*y - 51, -5*o - 3*y + 104 = 0. What is the tens digit of o?
1
Suppose 4 - 1380 = -2*z + j, 0 = 2*z + 4*j - 1356. What is the tens digit of z?
8
Let k be ((-12)/(-8) + 0)*-2. Let m = k + 24. What is the units digit of m?
1
Let m(v) = v**3 - 15*v**2 + 16*v + 16. Suppose 5*f = 3*b + b - 56, 4*b - f - 56 = 0. What is the units digit of m(b)?
4
Let k = 277 - 243. What is the units digit of k?
4
Let o be 23/46*(-8)/(-2). What is the units digit of ((-6)/(-14))/((-4)/(-42))*o?
9
Suppose -3*z = 1 + 11. Let j be (-237)/(22/z - -4). Let q = -103 + j. What is the units digit of q?
5
Let r(w) = w**3 - w - 237. Let z be r(0). Let u = 347 + z. What is the tens digit of u?
1
Let d = -22 - -31. Suppose 0 = -d*t + 6*t + 318. What is the units digit of t?
6
Let w = 2261 - 838. What is the hundreds digit of w?
4
Let t = -23 - -7. Suppose m - 90 = -4*m. Let b = t + m. What is th